0
Calculate the highest common divisor of 201 and 268.
67
Calculate the highest common factor of 180 and 13140.
180
Calculate the greatest common factor of 13 and 559.
13
Calculate the highest common factor of 871 and 67.
67
Calculate the greatest common factor of 6936 and 24.
24
What is the highest common divisor of 2323 and 23?
23
What is the highest common divisor of 81 and 9783?
9
Calculate the highest common factor of 5664 and 96.
96
What is the highest common factor of 17800 and 20?
20
Calculate the greatest common divisor of 322 and 14.
14
Calculate the greatest common divisor of 1258 and 68.
34
Calculate the highest common factor of 1540 and 396.
44
What is the greatest common divisor of 988 and 52?
52
What is the greatest common factor of 93 and 620?
31
Calculate the greatest common divisor of 18 and 1152.
18
Calculate the highest common divisor of 2842 and 294.
98
What is the greatest common factor of 108 and 48?
12
What is the highest common factor of 40 and 184?
8
Calculate the highest common factor of 5 and 32135.
5
What is the highest common divisor of 112 and 11704?
56
Calculate the greatest common divisor of 603 and 4288.
67
What is the greatest common factor of 1464 and 793?
61
Calculate the greatest common factor of 30 and 318.
6
Calculate the highest common factor of 144 and 6288.
48
Calculate the highest common factor of 360 and 120.
120
Calculate the highest common factor of 795 and 2544.
159
Calculate the highest common divisor of 620 and 400.
20
Calculate the greatest common divisor of 10 and 10.
10
Calculate the greatest common divisor of 73 and 803.
73
What is the highest common divisor of 544 and 34?
34
Calculate the highest common factor of 240 and 3465.
15
Calculate the greatest common divisor of 46 and 207.
23
What is the highest common factor of 696 and 6438?
174
Calculate the greatest common divisor of 134 and 4.
2
What is the greatest common divisor of 16 and 5504?
16
What is the greatest common divisor of 310 and 18290?
310
Calculate the highest common divisor of 96 and 93.
3
Calculate the greatest common divisor of 84 and 60.
12
Calculate the highest common factor of 160 and 680.
40
Calculate the highest common factor of 103 and 4223.
103
Calculate the greatest common divisor of 28 and 17318.
14
What is the highest common factor of 133 and 76?
19
What is the highest common divisor of 177 and 118?
59
What is the greatest common factor of 116 and 2494?
58
What is the greatest common factor of 108 and 12?
12
Calculate the highest common divisor of 52 and 338.
26
Calculate the highest common divisor of 279 and 1767.
93
Calculate the highest common factor of 24 and 128.
8
Calculate the highest common divisor of 282 and 2397.
141
What is the greatest common divisor of 165 and 187?
11
Calculate the highest common divisor of 39 and 28678.
13
Calculate the greatest common divisor of 561 and 34.
17
What is the greatest common divisor of 25 and 22975?
25
What is the highest common divisor of 477 and 212?
53
What is the highest common divisor of 314 and 471?
157
What is the greatest common divisor of 106 and 194?
2
Calculate the greatest common factor of 38934 and 42.
42
Calculate the highest common factor of 74 and 2294.
74
Calculate the highest common factor of 1027 and 13.
13
What is the greatest common divisor of 5340 and 260?
20
Calculate the greatest common divisor of 517 and 94.
47
What is the highest common factor of 6 and 1506?
6
What is the highest common factor of 184 and 21850?
46
Calculate the highest common factor of 72 and 3240.
72
Calculate the highest common divisor of 738 and 328.
82
What is the greatest common divisor of 119 and 170?
17
What is the greatest common divisor of 3 and 12?
3
Calculate the greatest common divisor of 2886 and 130.
26
Calculate the greatest common factor of 189 and 1161.
27
Calculate the highest common divisor of 11 and 1199.
11
Calculate the highest common divisor of 798 and 42.
42
What is the greatest common divisor of 161 and 23?
23
Calculate the greatest common divisor of 96 and 416.
32
What is the greatest common divisor of 10 and 15?
5
Calculate the highest common factor of 33 and 99.
33
Calculate the highest common factor of 1054 and 124.
62
Calculate the greatest common divisor of 1278 and 11076.
426
Calculate the highest common factor of 11067 and 51.
51
What is the highest common factor of 26 and 4147?
13
Calculate the highest common factor of 368 and 1664.
16
What is the highest common factor of 120 and 15?
15
Calculate the highest common divisor of 4 and 224.
4
Calculate the greatest common factor of 7 and 3.
1
Calculate the greatest common factor of 18 and 984.
6
What is the highest common factor of 552 and 408?
24
Calculate the highest common divisor of 60 and 3720.
60
Calculate the highest common divisor of 913 and 664.
83
Calculate the highest common factor of 3161 and 872.
109
What is the greatest common factor of 118 and 2242?
118
Calculate the highest common divisor of 282 and 3.
3
What is the greatest common divisor of 986 and 68?
34
Calculate the greatest common factor of 175 and 70.
35
Calculate the greatest common divisor of 209 and 11.
11
What is the highest common divisor of 1475 and 75?
25
Calculate the greatest common factor of 10 and 550.
10
What is the greatest common factor of 580 and 650?
10
What is the greatest common factor of 2500 and 20?
20
Calculate the greatest common divisor of 66 and 209.
11
Calculate the greatest common factor of 45071 and 13.
13
Calculate the highest common divisor of 88 and 198.
22
Calculate the highest common divisor of 388 and 4.
4
What is the highest common factor of 176 and 17072?
176
Calculate the highest common divisor of 288 and 36.
36
What is the greatest common divisor of 1985 and 5?
5
What is the greatest common factor of 1273 and 133?
19
What is the highest common divisor of 18160 and 16?
16
What is the highest common factor of 1058 and 2?
2
What is the highest common divisor of 288 and 36?
36
What is the greatest common divisor of 30 and 3840?
30
What is the greatest common divisor of 8 and 8?
8
Calculate the greatest common divisor of 13 and 4043.
13
Calculate the greatest common divisor of 1886 and 276.
46
What is the highest common divisor of 36 and 126?
18
Calculate the greatest common divisor of 611 and 143.
13
Calculate the highest common factor of 255 and 544.
17
What is the highest common factor of 540 and 27?
27
What is the highest common divisor of 104 and 5876?
52
What is the highest common divisor of 973 and 417?
139
Calculate the highest common divisor of 341 and 1265.
11
Calculate the greatest common divisor of 69 and 8786.
23
Calculate the highest common divisor of 7 and 77.
7
Calculate the greatest common factor of 1145 and 5.
5
Calculate the greatest common divisor of 370 and 1924.
74
Calculate the highest common factor of 4 and 604.
4
Calculate the greatest common divisor of 580 and 40.
20
What is the greatest common factor of 672 and 42?
42
Calculate the highest common divisor of 296 and 37.
37
Calculate the greatest common factor of 33 and 33.
33
What is the highest common divisor of 2294 and 296?
74
Calculate the greatest common divisor of 345 and 460.
115
What is the highest common factor of 135 and 45?
45
Calculate the greatest common divisor of 70 and 175.
35
What is the greatest common divisor of 57 and 6?
3
Calculate the highest common divisor of 98 and 490.
98
Calculate the greatest common divisor of 181 and 9593.
181
What is the highest common divisor of 44 and 8?
4
What is the greatest common divisor of 138 and 1012?
46
What is the greatest common divisor of 2230 and 10?
10
What is the highest common divisor of 36358 and 53?
53
Calculate the highest common factor of 325 and 26.
13
Calculate the greatest common factor of 492 and 156.
12
Calculate the greatest common divisor of 39 and 13.
13
What is the highest common factor of 1730 and 19722?
346
Calculate the greatest common factor of 24 and 54.
6
What is the highest common factor of 51 and 17?
17
Calculate the highest common factor of 40987 and 17.
17
What is the greatest common factor of 28 and 1988?
28
What is the greatest common divisor of 288 and 456?
24
Calculate the greatest common factor of 1472 and 1564.
92
Calculat